278104351 a multiple of 23?
True
Is 744802427 a multiple of 5?
False
Does 96 divide 26410368?
True
Is 526583211 a multiple of 3788?
False
Is 2303925573 a multiple of 45?
False
Is 437 a factor of 266151354?
True
Is 3560 a factor of 696105187?
False
Does 13 divide 7382336970?
False
Is 1324198920 a multiple of 24?
True
Is 900079490 a multiple of 8513?
True
Is 592367030 a multiple of 16?
False
Is 29905476 a multiple of 1316?
False
Is 6758 a factor of 5028884604?
True
Is 368345666 a multiple of 19?
True
Does 81 divide 101060379?
True
Is 41589398 a multiple of 966?
False
Is 8 a factor of 63836224?
True
Is 24 a factor of 66016968?
True
Is 5288803551 a multiple of 801?
True
Is 558 a factor of 9665651?
False
Does 69 divide 119437692?
False
Is 14 a factor of 1275631085?
False
Is 88629910 a multiple of 104?
False
Is 16 a factor of 30371007?
False
Does 863 divide 38474266?
True
Is 25 a factor of 1205132100?
True
Is 17873580 a multiple of 713?
False
Is 18458205 a multiple of 2?
False
Is 261405576 a multiple of 8?
True
Does 20 divide 55843080?
True
Is 18 a factor of 436695912?
True
Is 67029826 a multiple of 37?
False
Is 1099785384 a multiple of 108?
True
Is 1166 a factor of 917727306?
False
Is 27 a factor of 2094096888?
True
Is 118566 a multiple of 14?
True
Does 1986 divide 387589746?
True
Is 318592 a multiple of 12?
False
Is 27 a factor of 37133688?
False
Is 4 a factor of 108515244?
True
Is 2216860872 a multiple of 7181?
True
Is 1137 a factor of 265374834?
False
Is 8 a factor of 21503872?
True
Is 815930145 a multiple of 135?
True
Is 79 a factor of 857346415?
False
Does 289 divide 717945071?
True
Is 7 a factor of 55037366?
False
Is 50176651 a multiple of 45?
False
Does 3 divide 31567323?
True
Is 773553792 a multiple of 7?
False
Does 357 divide 88994031?
True
Is 6 a factor of 232884286?
False
Is 1061 a factor of 166615853?
False
Is 165 a factor of 44598840?
True
Is 119 a factor of 4324222?
True
Is 71 a factor of 2348655164?
False
Is 261 a factor of 430360551?
True
Is 119875740 a multiple of 15?
True
Is 1719468 a multiple of 348?
True
Is 909 a factor of 19147176?
True
Is 978 a factor of 144592807?
False
Is 5114 a factor of 2086992716?
True
Is 2187 a factor of 1185045430?
False
Does 38 divide 6142690?
False
Is 9473940 a multiple of 12?
True
Is 9923120 a multiple of 23?
True
Does 39 divide 1955031?
True
Is 77996638 a multiple of 510?
False
Is 34993480 a multiple of 1567?
False
Does 65 divide 955703012?
False
Is 270634698 a multiple of 138?
True
Is 44934906 a multiple of 426?
True
Is 172 a factor of 34934638?
False
Does 1856 divide 1082936342?
False
Is 31018752 a multiple of 48?
True
Does 726 divide 546661254?
False
Is 69 a factor of 151026139?
False
Does 657 divide 11806947?
True
Is 2607272 a multiple of 41?
True
Is 208 a factor of 37980592?
True
Is 20133131 a multiple of 65?
False
Is 13 a factor of 99434855?
True
Is 45 a factor of 1305315945?
True
Does 28 divide 71270581?
False
Does 501 divide 122624760?
True
Does 8 divide 1086771080?
True
Is 913 a factor of 1907902618?
False
Does 53 divide 75040266?
False
Does 238 divide 793?
False
Does 1485 divide 120570120?
True
Does 2 divide 59070880?
True
Is 1645 a factor of 272719003?
False
Is 3328 a factor of 388116830?
False
Is 2482638167 a multiple of 163?
True
Does 4 divide 45032439?
False
Is 94 a factor of 52801597?
False
Does 434 divide 5524057?
False
Does 12 divide 42735394?
False
Is 39635200 a multiple of 22?
True
Is 38 a factor of 5641520448?
False
Does 10 divide 168378186?
False
Is 105256635 a multiple of 205?
True
Is 179863406 a multiple of 12?
False
Is 33087139 a multiple of 391?
False
Is 78110519 a multiple of 210?
False
Is 106 a factor of 95929152?
True
Is 2247937104 a multiple of 2236?
False
Is 1750 a factor of 28206603?
False
Is 198 a factor of 2485361340?
True
Is 154497645 a multiple of 22?
False
Is 799768272 a multiple of 4208?
True
Is 91554390 a multiple of 5870?
True
Is 2717 a factor of 3768479?
True
Is 16 a factor of 578106976?
True
Is 57097185 a multiple of 19?
True
Does 283 divide 64900833?
False
Does 2142 divide 135089514?
True
Does 234 divide 148824?
True
Does 273 divide 192651605?
False
Is 451 a factor of 174902646?
False
Does 54 divide 403686288?
True
Is 44 a factor of 277506768?
True
Does 3479 divide 266394750?
False
Does 6678 divide 2135301094?
False
Does 44 divide 12631548?
False
Is 185164740 a multiple of 180?
True
Is 45497346 a multiple of 1146?
True
Is 2755558050 a multiple of 238?
True
Is 30942890 a multiple of 17?
True
Is 12 a factor of 151637052?
True
Does 116 divide 2291566170?
False
Does 9 divide 594164648?
False
Does 52 divide 277993558?
False
Does 12 divide 17723388?
True
Does 8 divide 3532220?
False
Is 4224 a factor of 5448173694?
False
Is 196 a factor of 383436162?
False
Is 77 a factor of 10139664?
False
Is 26 a factor of 2348672309?
False
Is 26229276 a multiple of 177?
True
Does 46 divide 186503044?
True
Does 68 divide 72175450?
False
Is 2898 a factor of 386683475?
False
Is 6491718 a multiple of 486?
False
Does 414 divide 7194906?
True
Does 349 divide 84012993?
False
Does 88 divide 108638158?
False
Does 361 divide 2099281785?
True
Does 29 divide 263677193?
True
Is 27 a factor of 1649738772?
True
Does 1187 divide 25820846?
False
Is 1233647504 a multiple of 304?
True
Is 511 a factor of 71839957?
True
Does 234 divide 2562166386?
True
Is 6 a factor of 49712939?
False
Is 1131180930 a multiple of 297?
True
Is 6315 a factor of 940484631?
False
Is 816886642 a multiple of 341?
True
Is 38 a factor of 536136035?
False
Is 1745322183 a multiple of 3223?
True
Does 687 divide 21687289?
False
Is 214887744 a multiple of 12?
True
Does 15 divide 26878365?
True
Does 316 divide 2356551645?
False
Is 289 a factor of 4329509?
True
Is 21 a factor of 120132151?
False
Is 114 a factor of 1003732800?
False
Does 101 divide 198826671?
False
Is 3799423 a multiple of 121?
False
Does 86 divide 40879398?
False
Does 823 divide 359698734?
True
Does 2413 divide 10047732?
True
Does 118 divide 99493995?
False
Is 13047834 a multiple of 18?
False
Does 11 divide 40796983?
False
Is 202 a factor of 248003015?
False
Does 22 divide 3079516?
True
Is 22 a factor of 497180062?
False
Is 2046561041 a multiple of 2071?
False
Is 378 a factor of 336919338?
True
Does 14 divide 94698341?
False
Does 2564 divide 790376076?
True
Does 358 divide 379698263?
False
Is 113 a factor of 89479736?
False
Is 137872248 a multiple of 323?
False
Is 260460365 a multiple of 5?
True
Is 38 a factor of 3896104?
False
Is 23 a factor of 453893546?
True
Is 137183569 a multiple of 23?
True
Is 181 a factor of 418044297?
True
Is 506 a factor of 86611639?
False
Is 69787200 a multiple of 2170?
True
Is 96449361 a multiple of 4212?
False
Does 15 divide 358093847?
False
Is 197942586 a multiple of 22?
False
Is 12 a factor of 41236370?
False
Is 97 a factor of 5491442?
False
Does 99 divide 25752375?
True
Is 22 a factor of 387812876?
True
Is 189 a factor of 38828384?
False
Is 275 a factor of 121657960?
False
Does 17 divide 116101857?
True
Does 2433 divide 138247926?
True
Is 49496481 a multiple of 291?
True
Is 290194968 a multiple of 186?
True
Does 9 divide 16884532?
False
Is 246 a factor of 24267291?
False
Is 3 a factor of 6350773?
False
Is 94878649 a multiple of 26?
False
Does 8 divide 82236996?
False
Is 18483946 a multiple of 26?
True
Does 88 divide 49561336?
True
Is 287206 a multiple of 1762?
True
Is 96276576 a multiple of 150?
False
Is 309 a factor of 30183120?
True
Does 10 divide 35634580?
True
Does 302 divide 4244781578?
False
Is 119 a factor of 37124192?
True
Is 1346 a factor of 106227516?
False
Is 909 a factor of 309897189?
True
Is 21588840 a multiple of 910?
True
Does 732 divide 21752112?
True
Is 621972189 a multiple of 279?
True
Does 242 divide 138874150?
False
Is 281077713 a multiple of 14?
False
Does 45 divide 222385356?
False
Is 1552 a factor of 459946064?
True
Is 2756 a factor of 132768135?
False
Is 142 a factor of 13440008?
False
Does 35 divide 184065770?
True
Is 793 a factor of 2217708158?
False
Is 96 a factor of 18839520?
True
Does 136 divide 11399184?
False
Is 857 a factor of 37496751?
False
Is 1187 a factor of 97002827?
True
Is 5 a factor of 3669069?
False
Does 3879 divide 7563250926?
True
Is 169 a factor of 55158984?
False
Is 1885721171 a multip